-u + 1 = -27. Calculate the greatest common factor of 7 and u.
7
Suppose -2*u - 6 = 0, -2*z - u + 2*u + 43 = 0. Calculate the highest common factor of 220 and z.
20
Let f(s) = -2*s**2 + 26*s - 8. Let g be f(12). Calculate the highest common divisor of 8 and g.
8
Let x be 3788/14 - 8/14. Calculate the greatest common factor of x and 27.
27
Let d(x) = 3*x**2 - 2*x - 11. Let s be d(-4). Calculate the greatest common factor of s and 9.
9
Let s = 45 - 24. Calculate the greatest common factor of s and 21.
21
Let a = 58 - 20. Let m be 1/2*a*1. Calculate the highest common divisor of 76 and m.
19
Let r be 33/9 - (-3)/9. Suppose 5 = -c, r*i + 3*c - 225 = -0*c. Calculate the greatest common factor of 6 and i.
6
Suppose 0*l - 135 = -3*l. Suppose -b + 0*b = 15. Let v = 24 + b. What is the highest common factor of v and l?
9
Let u be 6 - -3*1/(-3). Suppose 0 = -x + 32 - u. Suppose 5*y - 6 = 39. What is the greatest common divisor of x and y?
9
Let g = 19 - 19. Suppose 2*r + 0*r - 32 = g. What is the greatest common factor of 4 and r?
4
Let h = 86 - 68. What is the highest common factor of 30 and h?
6
Let n be (-21*20/6)/(-2). Calculate the greatest common divisor of n and 14.
7
Let j be (2/4)/((-4)/128). Let k = j - -28. What is the greatest common divisor of k and 84?
12
Suppose 0 = 2*l - 10, -2*k + 3*l = -6*k + 431. Let c be (-178)/(-14) - (-8)/28. Calculate the greatest common divisor of k and c.
13
Let q(i) = -19*i + 4. Let z be q(4). Let a = -7 - z. What is the greatest common factor of a and 13?
13
Let c be (-19)/(-7) - (-2)/7. Suppose -c*p + 156 = -p. Calculate the highest common factor of 52 and p.
26
Suppose 0 = -3*i + 5*i - 30. Calculate the highest common factor of i and 6.
3
Let j = -16 - -48. Let f = -21 - 26. Let v = f + 127. What is the highest common factor of v and j?
16
Let s be ((-8)/(-6) - 1)*30. Suppose 2*w - 3*k = 223, -2*w - 3*k + 290 = 73. What is the greatest common factor of s and w?
10
Suppose -5*t = -2*h + 14, -5*h - 35 = -10*h + 2*t. Calculate the greatest common factor of 35 and h.
7
Let q be (-4)/((-2)/8*2). Calculate the greatest common divisor of q and 20.
4
Suppose 4 = -d - 5*f - 5, 4*d + 5*f + 21 = 0. Let k = d + 10. Let i be k/24 - 59/(-4). What is the highest common factor of 45 and i?
15
Let u(l) = l**3 - l**2 - l. Let a be u(2). What is the highest common divisor of a and 14?
2
Let s = 62 + -42. What is the highest common factor of 8 and s?
4
Suppose 0 = 5*h + 140 + 625. Let x = 223 + h. What is the highest common factor of x and 28?
14
Let q = 31 + -6. What is the greatest common divisor of q and 25?
25
Let n(a) = 4*a. Let i be n(6). Let y be (8/i)/(2/438). Let q = -27 + y. What is the highest common factor of q and 115?
23
Suppose -5*t + 119 = -11. What is the highest common divisor of 78 and t?
26
Suppose -4*b + 41 = 5*v, -3*v + 18 = -3*b - 12. Let m = v - 5. Let w be (8/10)/(m/110). Calculate the greatest common factor of w and 11.
11
Let s(f) = -f**2 - 9*f - 5. Let c be s(-7). Suppose 0 = -w - 0 + 2. Let o = c - w. What is the greatest common divisor of o and 21?
7
Suppose -4*m = -6 - 322. Calculate the greatest common divisor of m and 205.
41
Suppose 0 = t - 63 + 30. What is the greatest common divisor of 11 and t?
11
Let f = 292 + 104. Calculate the highest common divisor of 44 and f.
44
Suppose -21 + 5 = -2*z. Suppose -30 = -z*w + 3*w. What is the greatest common divisor of 42 and w?
6
Suppose 0 = -r + 2*y + 11, -4*r - r - 3*y + 3 = 0. Suppose -2 - 10 = -r*o. What is the highest common divisor of 36 and o?
4
Let d(u) = -5*u**2 + u + 2. Let r be d(-3). Let o = -32 - r. What is the highest common divisor of o and 112?
14
Let o be ((-198)/(-15))/((-2)/(-5)). Calculate the highest common divisor of 55 and o.
11
Let u = -1 + 0. Let l be u/(3/(-18))*-1. Let o be (-652)/l + (-4)/6. What is the highest common factor of 12 and o?
12
Let r(h) = -4*h - 16. Let u be r(-10). What is the greatest common factor of 36 and u?
12
Suppose 0 = -3*y - g + 37, -5*y - g + 0 = -65. Calculate the greatest common divisor of y and 2.
2
Suppose -3 - 17 = -5*b. Let n be (b + -2)/(2/64). What is the greatest common divisor of 8 and n?
8
Let d(f) = -f - 19. Let y be d(-22). What is the highest common factor of 21 and y?
3
Suppose 0 = 2*v - 11 + 3. Suppose 5*k + 3 = -3*p + 25, 44 = v*p + 3*k. What is the greatest common divisor of p and 14?
14
Let s(p) = p**3 + 3*p**2 - 4*p + 3. Let m be s(-4). Suppose -m*a + a + 48 = 0. Calculate the highest common factor of 36 and a.
12
Let k be ((-3)/(-5)*1)/((-31)/(-155)). Calculate the greatest common factor of 39 and k.
3
Let g be (-186)/(-14) - (-4)/(-14). Suppose -2*z + 33 = -2*k + 233, -k - z = -108. Let b be (1 + -4)/((-6)/k). Calculate the highest common factor of g and b.
13
Suppose 0 = 2*m - 4*p + 6, 3*m = 4*m + 4*p - 15. Suppose b = -m*b + 8. Suppose b*l - 11 = 1. What is the greatest common divisor of 6 and l?
6
Suppose 4*z - 1 = 7. Calculate the greatest common divisor of 18 and z.
2
Suppose 6*t - 2*t = -4*l + 36, -t + 17 = 3*l. Let b(q) = -q + 7. Let r be b(6). Calculate the greatest common factor of r and l.
1
Let m = 8 + 1. Let n(y) = y**2 + 1. Let l(b) = 3*b**2 - 7*b + 3. Let o(c) = l(c) - 2*n(c). Let z be o(m). Calculate the greatest common factor of z and 76.
19
Let g(m) = -14*m**3 - m**2 + 2. Let c = 0 + -2. Let d be g(c). Calculate the greatest common factor of d and 22.
22
Let z(d) be the third derivative of -5*d**4/12 + d**3 - 6*d**2. Let w be z(-3). What is the highest common divisor of 6 and w?
6
Let l be (-1)/1*(10 - 11). Let y be (4/3)/((-2)/(-3)). Calculate the highest common factor of y and l.
1
Let p(w) = w**3 - 8*w**2 + 6*w + 7. Let o be p(8). Calculate the highest common factor of 11 and o.
11
Let b(h) = h + 3. Let d be b(17). Calculate the highest common factor of d and 5.
5
Let w(k) = k + 11. Let m be w(-9). Let z(x) = 2*x**2 - 4*x. Let b(o) = o + 12. Let s be b(-9). Let y be z(s). What is the highest common factor of y and m?
2
Suppose 0 = v - 0*v - 5. Suppose -3*u + v = -22. What is the greatest common divisor of u and 9?
9
Let h be (-2)/(-3)*(537/6 - 1). Let j be -1*(-87 + (-2)/1). Let f = j - h. Calculate the highest common divisor of f and 15.
15
Let u be (-35)/(-4) - 1/(-4). Let l(k) = -k**2 + 12*k + 7. Let a be l(11). Calculate the greatest common factor of a and u.
9
Suppose 0 = 4*r - 16, 0 = 5*h - 2*r - 22 - 0. Calculate the greatest common factor of h and 9.
3
Let v = -493 + 856. Calculate the highest common factor of v and 33.
33
Let m(l) = -2*l - 4*l + 10 + 3*l + l. Let v be m(-10). Calculate the greatest common divisor of v and 10.
10
Suppose -6*d + d = -40. Calculate the greatest common factor of 64 and d.
8
Let s be 64/12 - (-2)/3. Suppose 0 = -u - s + 26. Calculate the highest common divisor of 50 and u.
10
Suppose 3*q - 56 = -4*x - 0*q, 0 = -5*q + 20. What is the greatest common factor of x and 44?
11
Let g be (-4)/(-5) - 84/30. Let q be 0 + g + (-4 - -7). Suppose c + 3 = 4*c. Calculate the greatest common factor of q and c.
1
Suppose 0 = g + 3*k - 82, -2*g - 48 = 3*k - 221. Calculate the highest common divisor of g and 13.
13
Let q be 1 + (-4)/(-6)*18. What is the highest common factor of 13 and q?
13
Let b be (-4 - -1) + (-100 - 0). Let p = -37 - b. What is the greatest common divisor of 6 and p?
6
Let w be (-2)/((-7 - -9)/(2 + -3)). Suppose 12 = -3*q - q. Let h = 1 - q. What is the greatest common factor of h and w?
1
Let t(k) = -k**2 + 6*k + 6. Let y be t(5). Let x = -2 + y. Let b be -2*3*(-15)/x. What is the highest common divisor of 25 and b?
5
Let g(v) = -v**3 - 5*v**2 - 4*v - 3. Let u be g(-5). What is the highest common divisor of 17 and u?
17
Let q be ((-10)/(-5))/((-4)/(-8)). Let s(n) = n**2 + 5*n - 1 - 1 - 3. Let f be s(-6). Calculate the highest common factor of f and q.
1
Let k(c) = -2*c**2 + 2*c + 180. Let i be k(0). What is the greatest common divisor of 36 and i?
36
Let r(a) = 7*a + 5. Let o be r(4). Let y be 22/(-3)*o/(-22). Calculate the highest common divisor of y and 11.
11
Let d = 27 - 9. What is the greatest common factor of d and 18?
18
Suppose -18 = 7*q - 10*q. Suppose 3*b - k + 154 = 0, 198 = 3*b - 7*b + 5*k. Let x = b + 100. Calculate the highest common divisor of q and x.
6
Let j(n) = 4*n - 7. Let a = 11 - 3. Let l be j(a)